{"id":948,"date":"2022-11-16T06:37:28","date_gmt":"2022-11-16T05:37:28","guid":{"rendered":"https:\/\/keenat.de\/?page_id=948"},"modified":"2023-09-07T11:04:53","modified_gmt":"2023-09-07T09:04:53","slug":"masken","status":"publish","type":"page","link":"https:\/\/keenat.de\/?page_id=948","title":{"rendered":"Einwegmasken"},"content":{"rendered":"\n<div class=\"wp-block-columns are-vertically-aligned-center section-image-texte reverse-colonne is-layout-flex wp-container-core-columns-is-layout-9d6595d7 wp-block-columns-is-layout-flex\">\n<div class=\"wp-block-column is-vertically-aligned-center padding is-layout-flow wp-block-column-is-layout-flow\" style=\"flex-basis:50%\">\n<p class=\"has-large-font-size\">Einwegmasken und Schutzkleidung<\/p>\n\n\n\n<h1 class=\"wp-block-heading\">Sensibilisierung,<br>Sammlung <mark style=\"background-color:rgba(0, 0, 0, 0)\" class=\"has-inline-color has-rmask-color\">&amp;<\/mark> Verwertung<\/h1>\n\n\n\n<div class=\"wp-block-buttons is-layout-flex wp-block-buttons-is-layout-flex\">\n<div class=\"wp-block-button\"><a class=\"wp-block-button__link has-rmask-background-color has-background wp-element-button\" href=\"https:\/\/keenat.de\/contact\/\" style=\"border-radius:10px\">Kontaktieren Sie uns<\/a><\/div>\n<\/div>\n<\/div>\n\n\n\n<div class=\"wp-block-column is-vertically-aligned-center is-layout-flow wp-block-column-is-layout-flow\" style=\"flex-basis:50%\">\n<figure class=\"wp-block-image size-large\"><img fetchpriority=\"high\" decoding=\"async\" width=\"1024\" height=\"901\" src=\"https:\/\/keenat.de\/wp-content\/uploads\/2023\/03\/photo-box-rmask-allemage-site-kn-600x800-px-2-1024x901.jpg\" alt=\"photo box rmask allemage site kn 600x800 px 2\" class=\"wp-image-2093\" srcset=\"https:\/\/keenat.de\/wp-content\/uploads\/2023\/03\/photo-box-rmask-allemage-site-kn-600x800-px-2-1024x901.jpg 1024w, https:\/\/keenat.de\/wp-content\/uploads\/2023\/03\/photo-box-rmask-allemage-site-kn-600x800-px-2-300x264.jpg 300w, https:\/\/keenat.de\/wp-content\/uploads\/2023\/03\/photo-box-rmask-allemage-site-kn-600x800-px-2-768x676.jpg 768w, https:\/\/keenat.de\/wp-content\/uploads\/2023\/03\/photo-box-rmask-allemage-site-kn-600x800-px-2-1536x1351.jpg 1536w, https:\/\/keenat.de\/wp-content\/uploads\/2023\/03\/photo-box-rmask-allemage-site-kn-600x800-px-2.jpg 1705w\" sizes=\"(max-width: 1024px) 100vw, 1024px\" \/><\/figure>\n<\/div>\n<\/div>\n\n\n\n<div class=\"wp-block-cover is-light\" style=\"min-height:10vh;aspect-ratio:unset;\"><span aria-hidden=\"true\" class=\"wp-block-cover__background has-background-dim-0 has-background-dim\"><\/span><img decoding=\"async\" width=\"1512\" height=\"96\" class=\"wp-block-cover__image-background wp-image-968\" alt=\"\" src=\"https:\/\/keenat.de\/wp-content\/uploads\/2022\/11\/bandeau-masque-bleu.jpg\" data-object-fit=\"cover\" srcset=\"https:\/\/keenat.de\/wp-content\/uploads\/2022\/11\/bandeau-masque-bleu.jpg 1512w, https:\/\/keenat.de\/wp-content\/uploads\/2022\/11\/bandeau-masque-bleu-300x19.jpg 300w, https:\/\/keenat.de\/wp-content\/uploads\/2022\/11\/bandeau-masque-bleu-1024x65.jpg 1024w, https:\/\/keenat.de\/wp-content\/uploads\/2022\/11\/bandeau-masque-bleu-768x49.jpg 768w\" sizes=\"(max-width: 1512px) 100vw, 1512px\" \/><div class=\"wp-block-cover__inner-container is-layout-flow wp-block-cover-is-layout-flow\">\n<p class=\"has-text-align-center has-large-font-size\"><\/p>\n<\/div><\/div>\n\n\n\n<div class=\"wp-block-columns are-vertically-aligned-center container is-layout-flex wp-container-core-columns-is-layout-9d6595d7 wp-block-columns-is-layout-flex\">\n<div class=\"wp-block-column is-vertically-aligned-center padding is-layout-flow wp-block-column-is-layout-flow\">\n<h2 class=\"wp-block-heading\">Wir haben eine innovative L\u00f6sung f\u00fcr die Weiterverwertung von Masken entwickelt.<\/h2>\n\n\n\n<figure class=\"wp-block-image size-full\"><img decoding=\"async\" width=\"730\" height=\"730\" src=\"https:\/\/keenat.de\/wp-content\/uploads\/2023\/03\/cycle-solution-rmask-allemagne-site-1.png\" alt=\"cycle solution rmask allemagne site 1\" class=\"wp-image-2096\" srcset=\"https:\/\/keenat.de\/wp-content\/uploads\/2023\/03\/cycle-solution-rmask-allemagne-site-1.png 730w, https:\/\/keenat.de\/wp-content\/uploads\/2023\/03\/cycle-solution-rmask-allemagne-site-1-300x300.png 300w, https:\/\/keenat.de\/wp-content\/uploads\/2023\/03\/cycle-solution-rmask-allemagne-site-1-150x150.png 150w\" sizes=\"(max-width: 730px) 100vw, 730px\" \/><\/figure>\n<\/div>\n\n\n\n<div class=\"wp-block-column is-vertically-aligned-center padding is-layout-flow wp-block-column-is-layout-flow\">\n<p>r&rsquo;mask\u00ae wurde 2020 im Kontext der Covid-19 Pandemie und aufgrund der Verpflichtung, t\u00e4glich in \u00f6ffentlichen R\u00e4umen, bei der Arbeit usw. eine Maske zu tragen, gegr\u00fcndet. Die Plastikzusammensetzung der Masken macht diesen Abfall zu einem wichtigen Thema im Kampf gegen Umweltverschmutzung. Deshalb haben wir eine innovative und umfassende L\u00f6sung zur Sensibilisierung, Sammlung und Wiederverwertung von sogenannten OP-Masken entwickelt.<\/p>\n\n\n\n<h3 class=\"wp-block-heading\">Unser Ziel?<\/h3>\n\n\n\n<p><strong>Unser Hauptziel ist es, die Anzahl der Masken, die auf die Stra\u00dfe und in die Natur geworfen werden, massiv zu reduzieren.<\/strong><\/p>\n<\/div>\n<\/div>\n\n\n\n<div class=\"wp-block-cover is-light\"><span aria-hidden=\"true\" class=\"wp-block-cover__background has-background-dim-0 has-background-dim\"><\/span><img loading=\"lazy\" decoding=\"async\" width=\"1500\" height=\"400\" class=\"wp-block-cover__image-background wp-image-2097\" alt=\"visuel masque site kn espagne\" src=\"https:\/\/keenat.de\/wp-content\/uploads\/2023\/03\/visuel-masque-site-kn-espagne.jpg\" data-object-fit=\"cover\" srcset=\"https:\/\/keenat.de\/wp-content\/uploads\/2023\/03\/visuel-masque-site-kn-espagne.jpg 1500w, https:\/\/keenat.de\/wp-content\/uploads\/2023\/03\/visuel-masque-site-kn-espagne-300x80.jpg 300w, https:\/\/keenat.de\/wp-content\/uploads\/2023\/03\/visuel-masque-site-kn-espagne-1024x273.jpg 1024w, https:\/\/keenat.de\/wp-content\/uploads\/2023\/03\/visuel-masque-site-kn-espagne-768x205.jpg 768w\" sizes=\"(max-width: 1500px) 100vw, 1500px\" \/><div class=\"wp-block-cover__inner-container is-layout-flow wp-block-cover-is-layout-flow\">\n<p class=\"has-text-align-center has-large-font-size\"><\/p>\n<\/div><\/div>\n\n\n\n<div class=\"wp-block-columns container padding-small is-layout-flex wp-container-core-columns-is-layout-9d6595d7 wp-block-columns-is-layout-flex\">\n<div class=\"wp-block-column is-vertically-aligned-center is-layout-flow wp-block-column-is-layout-flow\">\n<h2 class=\"wp-block-heading no-marge\">Kennen Sie die Umweltauswirkungen von Einwegmasken?<\/h2>\n<\/div>\n\n\n\n<div class=\"wp-block-column is-vertically-aligned-center is-layout-flow wp-block-column-is-layout-flow\">\n<div class=\"wp-block-columns are-vertically-aligned-center is-not-stacked-on-mobile no-marge is-layout-flex wp-container-core-columns-is-layout-9d6595d7 wp-block-columns-is-layout-flex\">\n<div class=\"wp-block-column is-vertically-aligned-center is-layout-flow wp-block-column-is-layout-flow\" style=\"flex-basis:33.33%\">\n<figure class=\"wp-block-image size-large\"><img loading=\"lazy\" decoding=\"async\" width=\"159\" height=\"115\" src=\"https:\/\/keenat.de\/wp-content\/uploads\/2022\/11\/icone-masque.svg\" alt=\"\" class=\"wp-image-991\"\/><\/figure>\n<\/div>\n\n\n\n<div class=\"wp-block-column is-vertically-aligned-center is-layout-flow wp-block-column-is-layout-flow\" style=\"flex-basis:66.66%\">\n<p class=\"no-marge\">Zu <strong>100%<\/strong> aus <mark style=\"background-color:rgba(0, 0, 0, 0)\" class=\"has-inline-color has-rmask-color\">Plastik<\/mark><\/p>\n\n\n\n<p class=\"no-marge has-large-font-size\"><strong><mark style=\"background-color:rgba(0, 0, 0, 0)\" class=\"has-inline-color has-rmask-color\">Ihre Einwegmaske<\/mark><\/strong><\/p>\n\n\n\n<p class=\"no-marge\">ist nicht aus Papier<\/p>\n<\/div>\n<\/div>\n<\/div>\n\n\n\n<div class=\"wp-block-column is-vertically-aligned-center is-layout-flow wp-block-column-is-layout-flow\"><div class=\"wp-block-image no-marge\">\n<figure class=\"aligncenter size-full\"><img loading=\"lazy\" decoding=\"async\" width=\"83\" height=\"56\" src=\"https:\/\/keenat.de\/wp-content\/uploads\/2022\/11\/icone-masque-bleu.svg\" alt=\"\" class=\"wp-image-1001\"\/><\/figure>\n<\/div>\n\n\n<p>Eine Maske braucht durchschnittlich <strong>10 Jahre<\/strong>, <\/p>\n\n\n\n<p>um abgebaut zu werden<\/p>\n<\/div>\n<\/div>\n\n\n\n<section class=\"wp-block-group has-principale-background-color has-background\"><div class=\"wp-block-group__inner-container is-layout-constrained wp-block-group-is-layout-constrained\">\n<div class=\"wp-block-columns container etapes-rmask is-layout-flex wp-container-core-columns-is-layout-9d6595d7 wp-block-columns-is-layout-flex\">\n<div class=\"wp-block-column is-layout-flow wp-block-column-is-layout-flow\">\n<p class=\"has-text-align-left no-marge has-rmask-color has-text-color has-large-font-size\"><strong>Sensibilisierungsma<strong>\u00df<\/strong>nahmen<\/strong><\/p>\n<\/div>\n\n\n\n<div class=\"wp-block-column is-layout-flow wp-block-column-is-layout-flow\">\n<p class=\"has-text-align-center no-marge has-blanc-color has-text-color has-large-font-size\"><strong>Aufstellen von Sammelboxen<\/strong><\/p>\n<\/div>\n\n\n\n<div class=\"wp-block-column is-layout-flow wp-block-column-is-layout-flow\">\n<p class=\"has-text-align-center no-marge has-blanc-color has-text-color has-large-font-size\"><strong>Sammeln von Masken<\/strong><\/p>\n<\/div>\n\n\n\n<div class=\"wp-block-column is-layout-flow wp-block-column-is-layout-flow\">\n<p class=\"has-text-align-center no-marge has-blanc-color has-text-color has-large-font-size\"><strong>Weiterverwertung<\/strong> <strong>der Masken<\/strong><\/p>\n<\/div>\n<\/div>\n<\/div><\/section>\n\n\n\n<div class=\"wp-block-columns are-vertically-aligned-center section-image-texte reverse-colonne is-layout-flex wp-container-core-columns-is-layout-9d6595d7 wp-block-columns-is-layout-flex\">\n<div class=\"wp-block-column is-vertically-aligned-center padding is-layout-flow wp-block-column-is-layout-flow\" style=\"flex-basis:50vw\">\n<h2 class=\"wp-block-heading\">Ein einfacher Prozess f\u00fcr jede Zielgruppe<\/h2>\n\n\n\n<p class=\"has-large-font-size\">Unternehmen, Kommunen, Veranstaltungen\u2026<\/p>\n\n\n\n<h3 class=\"wp-block-heading\">Ihre Ausgangssituation:<\/h3>\n\n\n\n<ul class=\"liste-fleche-rmask wp-block-list\">\n<li>Sie m\u00f6chten Ihre Mitarbeiter, B\u00fcrger, Kunden\u2026 f\u00fcr die Umweltauswirkungen von Einwegmasken sensibilisieren<\/li>\n\n\n\n<li>Sie m\u00f6chten sich mit der r&rsquo;mask\u00ae-L\u00f6sung ausstatten <\/li>\n\n\n\n<li>Sie m\u00f6chten die Umweltauswirkungen Ihres Unternehmens, Ihrer Kommune oder Ihrer Veranstaltung reduzieren<\/li>\n<\/ul>\n<\/div>\n\n\n\n<div class=\"wp-block-column is-vertically-aligned-center is-layout-flow wp-block-column-is-layout-flow\" style=\"flex-basis:50vw\">\n<figure class=\"wp-block-image size-full\"><img loading=\"lazy\" decoding=\"async\" width=\"706\" height=\"469\" src=\"https:\/\/keenat.de\/wp-content\/uploads\/2023\/03\/panneau-recycle-keenat-mask.jpg\" alt=\"panneau recycle keenat mask\" class=\"wp-image-2098\" srcset=\"https:\/\/keenat.de\/wp-content\/uploads\/2023\/03\/panneau-recycle-keenat-mask.jpg 706w, https:\/\/keenat.de\/wp-content\/uploads\/2023\/03\/panneau-recycle-keenat-mask-300x199.jpg 300w\" sizes=\"(max-width: 706px) 100vw, 706px\" \/><\/figure>\n<\/div>\n<\/div>\n\n\n\n<section class=\"wp-block-group\"><div class=\"wp-block-group__inner-container is-layout-constrained wp-block-group-is-layout-constrained\">\n<div class=\"wp-block-buttons is-content-justification-center is-layout-flex wp-container-core-buttons-is-layout-16018d1d wp-block-buttons-is-layout-flex\">\n<div class=\"wp-block-button aligncenter\"><a class=\"wp-block-button__link has-rmask-background-color has-background wp-element-button\" href=\"https:\/\/keenat.de\/contact\/\" style=\"border-radius:10px\">KONTAKTIEREN SIE UNS, UM MEHR ZU ERFAHREN!<\/a><\/div>\n<\/div>\n\n\n\n<h2 class=\"wp-block-heading has-text-align-center\">Sie vertrauen uns!<\/h2>\n<\/div><\/section>\n\n\n\n<div class=\"wp-block-columns container is-layout-flex wp-container-core-columns-is-layout-9d6595d7 wp-block-columns-is-layout-flex\">\n<div class=\"wp-block-column is-layout-flow wp-block-column-is-layout-flow\">\n<figure class=\"wp-block-image size-large\"><img loading=\"lazy\" decoding=\"async\" width=\"304\" height=\"53\" src=\"https:\/\/keenat.de\/wp-content\/uploads\/2022\/11\/France_active_logo_1.svg\" alt=\"\" class=\"wp-image-45\"\/><\/figure>\n<\/div>\n\n\n\n<div class=\"wp-block-column is-layout-flow wp-block-column-is-layout-flow\">\n<figure class=\"wp-block-image size-full\"><img loading=\"lazy\" decoding=\"async\" width=\"247\" height=\"78\" src=\"https:\/\/keenat.de\/wp-content\/uploads\/2022\/11\/Fevrier-naissance-BPI-France-F_1.jpg\" alt=\"\" class=\"wp-image-43\"\/><\/figure>\n<\/div>\n\n\n\n<div class=\"wp-block-column is-layout-flow wp-block-column-is-layout-flow\">\n<figure class=\"wp-block-image size-large\"><img loading=\"lazy\" decoding=\"async\" width=\"194\" height=\"93\" src=\"https:\/\/keenat.de\/wp-content\/uploads\/2022\/11\/New-logo-GPV_1.svg\" alt=\"\" class=\"wp-image-48\"\/><\/figure>\n<\/div>\n\n\n\n<div class=\"wp-block-column is-layout-flow wp-block-column-is-layout-flow\">\n<figure class=\"wp-block-image size-large\"><img loading=\"lazy\" decoding=\"async\" width=\"1024\" height=\"501\" src=\"https:\/\/keenat.de\/wp-content\/uploads\/2022\/11\/logo_na_horiz_quadri_2019-1024x501.jpg\" alt=\"logo na horiz quadri 2019\" class=\"wp-image-1479\" srcset=\"https:\/\/keenat.de\/wp-content\/uploads\/2022\/11\/logo_na_horiz_quadri_2019-1024x501.jpg 1024w, https:\/\/keenat.de\/wp-content\/uploads\/2022\/11\/logo_na_horiz_quadri_2019-300x147.jpg 300w, https:\/\/keenat.de\/wp-content\/uploads\/2022\/11\/logo_na_horiz_quadri_2019-768x375.jpg 768w, https:\/\/keenat.de\/wp-content\/uploads\/2022\/11\/logo_na_horiz_quadri_2019-1536x751.jpg 1536w, https:\/\/keenat.de\/wp-content\/uploads\/2022\/11\/logo_na_horiz_quadri_2019.jpg 1559w\" sizes=\"(max-width: 1024px) 100vw, 1024px\" \/><\/figure>\n<\/div>\n<\/div>\n","protected":false},"excerpt":{"rendered":"<p>Einwegmasken und Schutzkleidung Sensibilisierung,Sammlung &amp; Verwertung Wir haben eine innovative L\u00f6sung f\u00fcr die Weiterverwertung von Masken entwickelt. r&rsquo;mask\u00ae wurde 2020 im Kontext der Covid-19 Pandemie und aufgrund der Verpflichtung, t\u00e4glich in \u00f6ffentlichen R\u00e4umen, bei der Arbeit usw. eine Maske zu tragen, gegr\u00fcndet. Die Plastikzusammensetzung der Masken macht diesen Abfall zu einem wichtigen Thema im Kampf [&hellip;]<\/p>\n","protected":false},"author":3,"featured_media":0,"parent":0,"menu_order":0,"comment_status":"closed","ping_status":"closed","template":"","meta":{"_seopress_robots_primary_cat":"","inline_featured_image":false,"footnotes":""},"class_list":["post-948","page","type-page","status-publish"],"_links":{"self":[{"href":"https:\/\/keenat.de\/index.php?rest_route=\/wp\/v2\/pages\/948","targetHints":{"allow":["GET"]}}],"collection":[{"href":"https:\/\/keenat.de\/index.php?rest_route=\/wp\/v2\/pages"}],"about":[{"href":"https:\/\/keenat.de\/index.php?rest_route=\/wp\/v2\/types\/page"}],"author":[{"embeddable":true,"href":"https:\/\/keenat.de\/index.php?rest_route=\/wp\/v2\/users\/3"}],"replies":[{"embeddable":true,"href":"https:\/\/keenat.de\/index.php?rest_route=%2Fwp%2Fv2%2Fcomments&post=948"}],"version-history":[{"count":89,"href":"https:\/\/keenat.de\/index.php?rest_route=\/wp\/v2\/pages\/948\/revisions"}],"predecessor-version":[{"id":2155,"href":"https:\/\/keenat.de\/index.php?rest_route=\/wp\/v2\/pages\/948\/revisions\/2155"}],"wp:attachment":[{"href":"https:\/\/keenat.de\/index.php?rest_route=%2Fwp%2Fv2%2Fmedia&parent=948"}],"curies":[{"name":"wp","href":"https:\/\/api.w.org\/{rel}","templated":true}]}}