{"id":68,"date":"2022-11-08T17:53:36","date_gmt":"2022-11-08T16:53:36","guid":{"rendered":"https:\/\/keenat.de\/?page_id=68"},"modified":"2023-09-07T11:41:19","modified_gmt":"2023-09-07T09:41:19","slug":"wir-suchen","status":"publish","type":"page","link":"https:\/\/keenat.de\/?page_id=68","title":{"rendered":"Karriere"},"content":{"rendered":"\n<section class=\"wp-block-group has-principale-background-color has-background\"><div class=\"wp-block-group__inner-container is-layout-constrained wp-block-group-is-layout-constrained\"><div class=\"wp-block-image\">\n<figure class=\"aligncenter size-large\"><img decoding=\"async\" width=\"197\" height=\"136\" src=\"https:\/\/keenat.de\/wp-content\/uploads\/2022\/11\/logo-keenat-blanc.svg\" alt=\"\" class=\"wp-image-1220\"\/><\/figure>\n<\/div>\n\n\n<h1 class=\"wp-block-heading has-text-align-center\"><strong><mark style=\"background-color:rgba(0, 0, 0, 0)\" class=\"has-inline-color has-blanc-color\">M\u00f6chten Sie sich unserem Team anschlie\u00dfen ?<\/mark><\/strong><\/h1>\n\n\n\n<p class=\"has-text-align-center has-extra-large-font-size\">Wir sind auf der Suche nach neuen Mitarbeiter*innen, um unser Team zu erweitern!<\/p>\n<\/div><\/section>\n\n\n\n<div class=\"wp-block-buttons padding-small liste-button-recrute is-vertical is-content-justification-center is-layout-flex wp-container-core-buttons-is-layout-9a7cdcfd wp-block-buttons-is-layout-flex\">\n<div class=\"wp-block-button aligncenter is-style-outline is-style-outline--1\"><a class=\"wp-block-button__link wp-element-button\" href=\"https:\/\/www.welcometothejungle.com\/fr\/companies\/keenat\/jobs\/key-account-manager_talence?q=9f79eea921bdc419b87f6519ff1d219c&amp;o=1532905\" style=\"border-radius:5px\"><strong>Unbefristeter Vertrag &#8211; Key Account Manager<\/strong><\/a><\/div>\n\n\n\n<div class=\"wp-block-button aligncenter is-style-outline is-style-outline--2\"><a class=\"wp-block-button__link wp-element-button\" href=\"https:\/\/www.welcometothejungle.com\/fr\/companies\/keenat\/jobs\/assistant-e-commercial-e_talence?q=30d11e2d1ee52b1bf0c9c00bb753a1a8&amp;o=1597339\" style=\"border-radius:5px\" target=\"_blank\" rel=\"noreferrer noopener\"><strong>Unbefristeter Vertrag &#8211; Vertriebassistent\/in<\/strong><\/a><\/div>\n\n\n\n<div class=\"wp-block-button aligncenter is-style-outline is-style-outline--3\"><a class=\"wp-block-button__link wp-element-button\" href=\"https:\/\/www.welcometothejungle.com\/fr\/companies\/keenat\/jobs\/ingenieur-e-commercial-e-collectivites_talence?q=88efb0f41cf3f7f374f6b078dfae667a&amp;o=1297333\" style=\"border-radius:5px\" target=\"_blank\" rel=\"noreferrer noopener\"><strong>Unbefristeter Vertrag &#8211; Business Developer \u00d6ffentlicher Bereich<\/strong><\/a><\/div>\n\n\n\n<div class=\"wp-block-button aligncenter is-style-outline is-style-outline--4\"><a class=\"wp-block-button__link wp-element-button\" href=\"https:\/\/www.welcometothejungle.com\/fr\/companies\/keenat\/jobs\/commercial-e-acquisition_lille?q=30d11e2d1ee52b1bf0c9c00bb753a1a8&amp;o=1561098\" style=\"border-radius:5px\" target=\"_blank\" rel=\"noreferrer noopener\"><strong><strong>Unbefristeter Vertrag<\/strong> &#8211; Vertriebsmitarbeiter\/in Akquisition<\/strong><\/a><\/div>\n\n\n\n<div class=\"wp-block-button aligncenter is-style-outline is-style-outline--5\"><a class=\"wp-block-button__link wp-element-button\" href=\"https:\/\/www.welcometothejungle.com\/fr\/companies\/keenat\/jobs\/animateur-trice-des-reseaux-distributeurs_talence?q=7d56b049ad164d7a33c75818f7af5966&amp;o=1635564\" style=\"border-radius:5px\" target=\"_blank\" rel=\"noreferrer noopener\"><strong><strong>Unbefristeter Vertrag<\/strong> &#8211; Animator\/in von H\u00e4ndlernetzen<\/strong><\/a><\/div>\n<\/div>\n\n\n\n<h2 class=\"wp-block-heading has-text-align-center\">Finden Sie alle unsere Stellenausschreibungen auf<\/h2>\n\n\n<div class=\"wp-block-image\">\n<figure class=\"aligncenter size-medium is-resized\"><a href=\"https:\/\/www.welcometothejungle.com\/fr\/companies\/keenat\" target=\"_blank\" rel=\"noreferrer noopener\"><img decoding=\"async\" src=\"https:\/\/keenat.de\/wp-content\/uploads\/2022\/11\/logo-wtj.svg\" alt=\"\" class=\"wp-image-1235\" style=\"width:329px;height:107px\" width=\"329\" height=\"107\"\/><\/a><\/figure>\n<\/div>\n\n\n<p class=\"has-text-align-center has-extra-large-font-size\"><strong>Oder kontaktieren Sie uns !<\/strong><\/p>\n\n\n\n<div class=\"wp-block-buttons is-content-justification-center is-layout-flex wp-container-core-buttons-is-layout-16018d1d wp-block-buttons-is-layout-flex\">\n<div class=\"wp-block-button\"><a class=\"wp-block-button__link has-rmask-background-color has-background wp-element-button\" style=\"border-radius:5px\"><strong>rh@keenat.de<\/strong><\/a><\/div>\n\n\n\n<div class=\"wp-block-button\"><a class=\"wp-block-button__link has-rmask-background-color has-background wp-element-button\" style=\"border-radius:5px\"><strong>0033 (0)5 57 35 73 21<\/strong><\/a><\/div>\n<\/div>\n\n\n\n<p><\/p>\n\n\n\n<p><\/p>\n\n\n\n<iframe src=\"https:\/\/www.welcometothejungle.com\/fr\/companies\/keenat\/embed?c=3&amp;l=2\" width=\"100%\" height=\"700px\" frameborder=\"0\"><\/iframe>\n\n\n\n<div style=\"height:25px\" aria-hidden=\"true\" class=\"wp-block-spacer\"><\/div>\n\n\n\n<div class=\"wp-block-columns is-layout-flex wp-container-core-columns-is-layout-9d6595d7 wp-block-columns-is-layout-flex\">\n<div class=\"wp-block-column is-layout-flow wp-block-column-is-layout-flow\" style=\"flex-basis:5%\"><\/div>\n\n\n\n<div class=\"wp-block-column is-layout-flow wp-block-column-is-layout-flow\" style=\"flex-basis:90%\">\n<h2 class=\"wp-block-heading has-large-font-size\" style=\"font-style:normal;font-weight:400\"><strong>Warum sollten Sie sich bei uns bewerben?<\/strong><\/h2>\n\n\n\n<p class=\"has-normal-font-size\">Keenat, ein Unternehmen mit Mission, ist dank unserer zweiten Finanzierungsrunde in einen neuen Wachstumszyklus eingetreten. Im Jahr 2023 werden wir weiterhin unser Bestes geben, die Umweltauswirkungen unserer Produkte und Dienstleistungen zu reduzieren, indem wir immer innovativere und nachhaltigere L\u00f6sungen entwickeln. Wir werden au\u00dferdem:<\/p>\n\n\n\n<ul class=\"liste-fleche-gum wp-block-list\">\n<li><span style=\"font-size: var(--wp--preset--font-size--normal); color: initial;\">weiterhin in Recherche und Entwicklung investieren, um m\u00f6glichst umweltfreundliche Produkte und Dienstleistungen anbieten zu k\u00f6nnen<\/span>,<\/li>\n\n\n\n<li><p class=\"has-normal-font-size\">uns auf den Ausbau unserer Zweigstellen in Deutschland, Frankreich und Europa konzentrieren, um besser auf unsere Kunden eingehen zu k\u00f6nnen und ihnen L\u00f6sungen anzubieten, die besser auf ihre Bed\u00fcrfnisse zugeschnitten sind,<\/p><\/li>\n\n\n\n<li><p class=\"has-normal-font-size\">neue Bewerber*innen einstellen, die mit uns gemeinsam auf unsere Ziele hinarbeiten,<\/p><\/li>\n\n\n\n<li><p class=\"has-normal-font-size\">ein Recycling- und F&amp;E-Zentrum einrichten, um die Nachhaltigkeit der von uns angebotenen Produkte und Dienstleistungen zu verbessern. Dieses Zentrum wird mit den fortschrittlichsten Technologien ausgestattet sein<\/p><\/li>\n<\/ul>\n\n\n\n<p class=\"has-normal-font-size\">Wir sind ein lebhaftes und leidenschaftliches Team, das sich f\u00fcr ein Arbeitsumfeld einsetzt, in dem Freundlichkeit, Hilfsbereitschaft, Umweltbewusstsein, Zusammenarbeit, Flexibilit\u00e4t und Kreativit\u00e4t gef\u00f6rdert und gesch\u00e4tzt werden. Wir glauben, dass Teamarbeit f\u00fcr das Erreichen unserer Ziele unerl\u00e4sslich ist, und sind immer auf der Suche nach Menschen, die unsere Werte teilen und bereit sind, sich f\u00fcr unsere Mission einzusetzen. Wenn Sie sich ebenfalls der Herausforderung stellen m\u00f6chten, zu einer nachhaltigeren und gerechteren Welt beizutragen, dann laden wir Sie herzlich ein, Teil unseres Teams zu werden. Wir freuen uns darauf, Sie bei uns willkommen zu hei\u00dfen und Ihnen dabei zu helfen, Ihr volles Potenzial zu entfalten.<\/p>\n\n\n\n<p>In jedem Gesch\u00e4ftsbereich des Unternehmens sind Sie Repr\u00e4sentant*in unserer Werte und haben das Hauptziel, die Vorbildfunktion des Unternehmens in Bezug auf seine positiven sozialen und \u00f6kologischen Auswirkungen aufrechtzuerhalten.<\/p>\n\n\n\n<p>Wir suchen nach Personen, die unsere Werte teilen und bereit sind, sich f\u00fcr die Erreichung unserer Ziele einzusetzen. Wir suchen Menschen, die motiviert und kreativ sind und eine positive Einstellung haben; die bereit sind, zu lernen und sich an Ver\u00e4nderungen anzupassen; und schlie\u00dflich, die bereit sind, sich langfristig zu engagieren und zum Wachstum des Unternehmens beizutragen.<\/p>\n\n\n\n<p class=\"has-normal-font-size\">Wenn Sie bereit sind, sich mit uns unseren Herausforderungen zu stellen und nach einem sinnvollen Job mit einer guten Arbeitsatmosph\u00e4re suchen, sind Sie bei uns genau richtig. Wir freuen uns darauf, Sie in unserem Team willkommen zu hei\u00dfen!<\/p>\n<\/div>\n\n\n\n<div class=\"wp-block-column is-layout-flow wp-block-column-is-layout-flow\" style=\"flex-basis:5%\"><\/div>\n<\/div>\n\n\n\n<p><\/p>\n\n\n\n<p><\/p>\n\n\n\n<div style=\"height:100px\" aria-hidden=\"true\" class=\"wp-block-spacer\"><\/div>\n\n\n\n<div class=\"wp-block-columns is-layout-flex wp-container-core-columns-is-layout-9d6595d7 wp-block-columns-is-layout-flex\"><\/div>\n","protected":false},"excerpt":{"rendered":"<p>M\u00f6chten Sie sich unserem Team anschlie\u00dfen ? Wir sind auf der Suche nach neuen Mitarbeiter*innen, um unser Team zu erweitern! Finden Sie alle unsere Stellenausschreibungen auf Oder kontaktieren Sie uns ! Warum sollten Sie sich bei uns bewerben? Keenat, ein Unternehmen mit Mission, ist dank unserer zweiten Finanzierungsrunde in einen neuen Wachstumszyklus eingetreten. Im Jahr [&hellip;]<\/p>\n","protected":false},"author":3,"featured_media":0,"parent":59,"menu_order":0,"comment_status":"closed","ping_status":"closed","template":"","meta":{"_seopress_robots_primary_cat":"","inline_featured_image":false,"footnotes":""},"class_list":["post-68","page","type-page","status-publish"],"_links":{"self":[{"href":"https:\/\/keenat.de\/index.php?rest_route=\/wp\/v2\/pages\/68","targetHints":{"allow":["GET"]}}],"collection":[{"href":"https:\/\/keenat.de\/index.php?rest_route=\/wp\/v2\/pages"}],"about":[{"href":"https:\/\/keenat.de\/index.php?rest_route=\/wp\/v2\/types\/page"}],"author":[{"embeddable":true,"href":"https:\/\/keenat.de\/index.php?rest_route=\/wp\/v2\/users\/3"}],"replies":[{"embeddable":true,"href":"https:\/\/keenat.de\/index.php?rest_route=%2Fwp%2Fv2%2Fcomments&post=68"}],"version-history":[{"count":40,"href":"https:\/\/keenat.de\/index.php?rest_route=\/wp\/v2\/pages\/68\/revisions"}],"predecessor-version":[{"id":2170,"href":"https:\/\/keenat.de\/index.php?rest_route=\/wp\/v2\/pages\/68\/revisions\/2170"}],"up":[{"embeddable":true,"href":"https:\/\/keenat.de\/index.php?rest_route=\/wp\/v2\/pages\/59"}],"wp:attachment":[{"href":"https:\/\/keenat.de\/index.php?rest_route=%2Fwp%2Fv2%2Fmedia&parent=68"}],"curies":[{"name":"wp","href":"https:\/\/api.w.org\/{rel}","templated":true}]}}