{"id":497,"date":"2022-11-14T12:48:19","date_gmt":"2022-11-14T11:48:19","guid":{"rendered":"https:\/\/keenat.de\/?page_id=497"},"modified":"2023-09-07T11:35:48","modified_gmt":"2023-09-07T09:35:48","slug":"sammelbehaelter","status":"publish","type":"page","link":"https:\/\/keenat.de\/?page_id=497","title":{"rendered":"Unsere Sammelbeh\u00e4lter"},"content":{"rendered":"\n<div class=\"wp-block-columns are-vertically-aligned-center section-image-texte intro-small reverse-colonne is-layout-flex wp-container-core-columns-is-layout-9d6595d7 wp-block-columns-is-layout-flex\">\n<div class=\"wp-block-column is-vertically-aligned-center padding-small is-layout-flow wp-block-column-is-layout-flow\" style=\"flex-basis:30vw\">\n<h1 class=\"wp-block-heading has-extra-large-font-size\">Unsere Sammelbeh\u00e4lter<\/h1>\n<\/div>\n\n\n\n<div class=\"wp-block-column is-vertically-aligned-center is-layout-flow wp-block-column-is-layout-flow\" style=\"flex-basis:70vw\"><div class=\"wp-block-image\">\n<figure class=\"alignright size-full is-resized\"><img fetchpriority=\"high\" decoding=\"async\" src=\"https:\/\/keenat.de\/wp-content\/uploads\/2022\/11\/fleche-bandeau-site_Plan-de-travail-1-1.svg\" alt=\"\" class=\"wp-image-508\" style=\"width:536px;height:105px\" width=\"536\" height=\"105\"\/><\/figure>\n<\/div><\/div>\n<\/div>\n\n\n\n<h2 class=\"wp-block-heading has-text-align-center no-marge has-blanc-color has-ecomegot-background-color has-text-color has-background\"><strong>Zigarettenstummel<\/strong><\/h2>\n\n\n\n<h2 class=\"wp-block-heading has-text-align-center\">Entdecken Sie unser Sortiment an in Frankreich hergestellten und umweltfreundlich gestalteten Aschenbechern<\/h2>\n\n\n\n<div class=\"wp-block-columns are-vertically-aligned-center container produit-ecomegot is-layout-flex wp-container-core-columns-is-layout-9d6595d7 wp-block-columns-is-layout-flex\">\n<div class=\"wp-block-column is-vertically-aligned-center container is-layout-flow wp-block-column-is-layout-flow\">\n<div class=\"wp-block-columns are-vertically-aligned-center is-not-stacked-on-mobile is-layout-flex wp-container-core-columns-is-layout-9d6595d7 wp-block-columns-is-layout-flex\">\n<div class=\"wp-block-column is-vertically-aligned-center is-layout-flow wp-block-column-is-layout-flow\" style=\"flex-basis:33.33%\"><div class=\"wp-block-image\">\n<figure class=\"alignright size-medium is-resized\"><img decoding=\"async\" src=\"https:\/\/keenat.de\/wp-content\/uploads\/2023\/03\/cendrier-atlantique-detoure-avec-stickers-allemagne-200x749-1-80x300.png\" alt=\"cendrier atlantique detoure avec stickers allemagne 200x749 1\" class=\"wp-image-2087\" style=\"width:81px;height:304px\" width=\"81\" height=\"304\" srcset=\"https:\/\/keenat.de\/wp-content\/uploads\/2023\/03\/cendrier-atlantique-detoure-avec-stickers-allemagne-200x749-1-80x300.png 80w, https:\/\/keenat.de\/wp-content\/uploads\/2023\/03\/cendrier-atlantique-detoure-avec-stickers-allemagne-200x749-1.png 200w\" sizes=\"(max-width: 81px) 100vw, 81px\" \/><\/figure>\n<\/div><\/div>\n\n\n\n<div class=\"wp-block-column is-vertically-aligned-center is-layout-flow wp-block-column-is-layout-flow\" style=\"flex-basis:66.66%\">\n<h3 class=\"wp-block-heading has-large-font-size\">Standaschenbecher<\/h3>\n\n\n\n<p>Die Aufschriften unserer Aschenbecher sind f\u00fcr alle Arten von Umgebungen geeignet (St\u00e4dte, Unternehmen, Schulen\u2026).<\/p>\n<\/div>\n<\/div>\n<\/div>\n\n\n\n<div class=\"wp-block-column is-vertically-aligned-center is-layout-flow wp-block-column-is-layout-flow\">\n<div class=\"wp-block-columns are-vertically-aligned-center is-not-stacked-on-mobile is-layout-flex wp-container-core-columns-is-layout-9d6595d7 wp-block-columns-is-layout-flex\">\n<div class=\"wp-block-column is-vertically-aligned-center is-layout-flow wp-block-column-is-layout-flow\" style=\"flex-basis:33.33%\"><div class=\"wp-block-image\">\n<figure class=\"alignright size-medium\"><img decoding=\"async\" width=\"107\" height=\"300\" src=\"https:\/\/keenat.de\/wp-content\/uploads\/2023\/03\/cendrier-mediterranee-allemagne-300x839-1-107x300.png\" alt=\"cendrier mediterranee allemagne 300x839 1\" class=\"wp-image-2085\" srcset=\"https:\/\/keenat.de\/wp-content\/uploads\/2023\/03\/cendrier-mediterranee-allemagne-300x839-1-107x300.png 107w, https:\/\/keenat.de\/wp-content\/uploads\/2023\/03\/cendrier-mediterranee-allemagne-300x839-1.png 300w\" sizes=\"(max-width: 107px) 100vw, 107px\" \/><\/figure>\n<\/div><\/div>\n\n\n\n<div class=\"wp-block-column is-vertically-aligned-center is-layout-flow wp-block-column-is-layout-flow\" style=\"flex-basis:66.66%\">\n<h3 class=\"wp-block-heading\">Wandaschenbecher<\/h3>\n\n\n\n<p>Mit einer einfachen Wandbefestigung findet unser Wandaschenbecher seinen Platz an Mauern, Pfosten, Pf\u00e4hlen \u2026<\/p>\n<\/div>\n<\/div>\n<\/div>\n<\/div>\n\n\n\n<div class=\"wp-block-columns container produit-ecomegot is-layout-flex wp-container-core-columns-is-layout-9d6595d7 wp-block-columns-is-layout-flex\">\n<div class=\"wp-block-column container is-layout-flow wp-block-column-is-layout-flow\">\n<div class=\"wp-block-columns are-vertically-aligned-center is-not-stacked-on-mobile is-layout-flex wp-container-core-columns-is-layout-9d6595d7 wp-block-columns-is-layout-flex\">\n<div class=\"wp-block-column is-vertically-aligned-center is-layout-flow wp-block-column-is-layout-flow\" style=\"flex-basis:33.33%\"><div class=\"wp-block-image\">\n<figure class=\"alignright size-full\"><img loading=\"lazy\" decoding=\"async\" width=\"383\" height=\"750\" src=\"https:\/\/keenat.de\/wp-content\/uploads\/2023\/04\/pav-detoure-allemand.png\" alt=\"pav detoure allemand\" class=\"wp-image-2108\" srcset=\"https:\/\/keenat.de\/wp-content\/uploads\/2023\/04\/pav-detoure-allemand.png 383w, https:\/\/keenat.de\/wp-content\/uploads\/2023\/04\/pav-detoure-allemand-153x300.png 153w\" sizes=\"(max-width: 383px) 100vw, 383px\" \/><\/figure>\n<\/div><\/div>\n\n\n\n<div class=\"wp-block-column is-vertically-aligned-center is-layout-flow wp-block-column-is-layout-flow\" style=\"flex-basis:66.66%\">\n<h3 class=\"wp-block-heading\">\u00d6ffentlicher Sammelbeh\u00e4lter<\/h3>\n\n\n\n<p>Der Sammelbeh\u00e4lter erm\u00f6glicht das Ausleeren von Taschenaschenbechern an Strandr\u00e4ndern, Autobahnrastst\u00e4tten, M\u00fclldeponien, Veranstaltungen\u2026 <\/p>\n<\/div>\n<\/div>\n<\/div>\n\n\n\n<div class=\"wp-block-column is-layout-flow wp-block-column-is-layout-flow\">\n<div class=\"wp-block-columns are-vertically-aligned-center is-not-stacked-on-mobile is-layout-flex wp-container-core-columns-is-layout-9d6595d7 wp-block-columns-is-layout-flex\">\n<div class=\"wp-block-column is-vertically-aligned-center is-layout-flow wp-block-column-is-layout-flow\" style=\"flex-basis:33.33%\"><div class=\"wp-block-image\">\n<figure class=\"alignright size-full\"><img loading=\"lazy\" decoding=\"async\" width=\"74\" height=\"261\" src=\"https:\/\/keenat.de\/wp-content\/uploads\/2022\/11\/Cendrier_sondage_et_de_vote.png\" alt=\"\" class=\"wp-image-522\"\/><\/figure>\n<\/div><\/div>\n\n\n\n<div class=\"wp-block-column is-vertically-aligned-center is-layout-flow wp-block-column-is-layout-flow\" style=\"flex-basis:66.66%\">\n<h3 class=\"wp-block-heading\">Umfrage-Aschenbecher<\/h3>\n\n\n\n<p>Spielerisch und partizipativ: Er fordert Raucher dazu auf, mit ihren Zigarettenstummeln eine personalisierte Frage zu beantworten.<\/p>\n<\/div>\n<\/div>\n<\/div>\n<\/div>\n\n\n\n<div class=\"wp-block-columns are-vertically-aligned-center is-not-stacked-on-mobile is-layout-flex wp-container-core-columns-is-layout-9d6595d7 wp-block-columns-is-layout-flex\">\n<div class=\"wp-block-column is-vertically-aligned-center is-layout-flow wp-block-column-is-layout-flow\" style=\"flex-basis:33.33%\"><div class=\"wp-block-image\">\n<figure class=\"alignright size-medium is-resized\"><img loading=\"lazy\" decoding=\"async\" src=\"https:\/\/keenat.de\/wp-content\/uploads\/2023\/03\/cendrier-de-poche-em-zero-megot-allemagne-site-300x251.png\" alt=\"cendrier de poche em zero megot allemagne site\" class=\"wp-image-2089\" style=\"width:225px;height:188px\" width=\"225\" height=\"188\" srcset=\"https:\/\/keenat.de\/wp-content\/uploads\/2023\/03\/cendrier-de-poche-em-zero-megot-allemagne-site-300x251.png 300w, https:\/\/keenat.de\/wp-content\/uploads\/2023\/03\/cendrier-de-poche-em-zero-megot-allemagne-site.png 571w\" sizes=\"(max-width: 225px) 100vw, 225px\" \/><\/figure>\n<\/div><\/div>\n\n\n\n<div class=\"wp-block-column is-vertically-aligned-center is-layout-flow wp-block-column-is-layout-flow\" style=\"flex-basis:50%\">\n<h3 class=\"wp-block-heading\">Taschenaschenbecher<\/h3>\n\n\n\n<p>Er kann individuell gestaltet werden und ist ideal f\u00fcr die Aufbewahrung von Zigarettenstummeln an jedem Ort f\u00fcr Mitarbeiter, Festivalbesucher, B\u00fcrger, Studenten\u2026<\/p>\n<\/div>\n<\/div>\n\n\n\n<h2 class=\"wp-block-heading has-text-align-center has-blanc-color has-rmask-background-color has-text-color has-background\"><strong>Einwegmasken und PSA<\/strong><\/h2>\n\n\n\n<h2 class=\"wp-block-heading has-text-align-center\">Entdecken Sie unser Sortiment an in Frankreich hergestellten und umweltfreundlich gestalteten Sammelboxen<\/h2>\n\n\n\n<div class=\"wp-block-columns container produit-rmask is-layout-flex wp-container-core-columns-is-layout-9d6595d7 wp-block-columns-is-layout-flex\">\n<div class=\"wp-block-column is-layout-flow wp-block-column-is-layout-flow\">\n<div class=\"wp-block-columns are-vertically-aligned-center is-not-stacked-on-mobile is-layout-flex wp-container-core-columns-is-layout-9d6595d7 wp-block-columns-is-layout-flex\">\n<div class=\"wp-block-column is-vertically-aligned-center is-layout-flow wp-block-column-is-layout-flow\" style=\"flex-basis:33.33%\"><div class=\"wp-block-image\">\n<figure class=\"alignright size-medium\"><img loading=\"lazy\" decoding=\"async\" width=\"141\" height=\"300\" src=\"https:\/\/keenat.de\/wp-content\/uploads\/2023\/03\/box-rmask-allemagne-141x300.png\" alt=\"box rmask allemagne\" class=\"wp-image-2082\" srcset=\"https:\/\/keenat.de\/wp-content\/uploads\/2023\/03\/box-rmask-allemagne-141x300.png 141w, https:\/\/keenat.de\/wp-content\/uploads\/2023\/03\/box-rmask-allemagne-483x1024.png 483w, https:\/\/keenat.de\/wp-content\/uploads\/2023\/03\/box-rmask-allemagne-768x1628.png 768w, https:\/\/keenat.de\/wp-content\/uploads\/2023\/03\/box-rmask-allemagne-724x1536.png 724w, https:\/\/keenat.de\/wp-content\/uploads\/2023\/03\/box-rmask-allemagne.png 799w\" sizes=\"(max-width: 141px) 100vw, 141px\" \/><\/figure>\n<\/div><\/div>\n\n\n\n<div class=\"wp-block-column is-vertically-aligned-center is-layout-flow wp-block-column-is-layout-flow\" style=\"flex-basis:45%\">\n<h3 class=\"wp-block-heading has-rmask-color has-text-color\">\u00d6ffentliche Sammelstelle<\/h3>\n\n\n\n<p>Die Sammelbeh\u00e4lter bieten die M\u00f6glichkeit, Ihre Masken und PSA abzugeben, damit sie weiterverwertet werden k\u00f6nnen.<\/p>\n<\/div>\n<\/div>\n<\/div>\n<\/div>\n\n\n\n<h2 class=\"wp-block-heading has-text-align-center has-blanc-color has-freegum-background-color has-text-color has-background\">Kaugummis<\/h2>\n\n\n\n<h2 class=\"wp-block-heading has-text-align-center\">Sammelsystem in der Entwicklungsphase\u2026<\/h2>\n","protected":false},"excerpt":{"rendered":"<p>Unsere Sammelbeh\u00e4lter Zigarettenstummel Entdecken Sie unser Sortiment an in Frankreich hergestellten und umweltfreundlich gestalteten Aschenbechern Standaschenbecher Die Aufschriften unserer Aschenbecher sind f\u00fcr alle Arten von Umgebungen geeignet (St\u00e4dte, Unternehmen, Schulen\u2026). Wandaschenbecher Mit einer einfachen Wandbefestigung findet unser Wandaschenbecher seinen Platz an Mauern, Pfosten, Pf\u00e4hlen \u2026 \u00d6ffentlicher Sammelbeh\u00e4lter Der Sammelbeh\u00e4lter erm\u00f6glicht das Ausleeren von Taschenaschenbechern an [&hellip;]<\/p>\n","protected":false},"author":3,"featured_media":0,"parent":0,"menu_order":0,"comment_status":"closed","ping_status":"closed","template":"","meta":{"_seopress_robots_primary_cat":"","inline_featured_image":false,"footnotes":""},"class_list":["post-497","page","type-page","status-publish"],"_links":{"self":[{"href":"https:\/\/keenat.de\/index.php?rest_route=\/wp\/v2\/pages\/497","targetHints":{"allow":["GET"]}}],"collection":[{"href":"https:\/\/keenat.de\/index.php?rest_route=\/wp\/v2\/pages"}],"about":[{"href":"https:\/\/keenat.de\/index.php?rest_route=\/wp\/v2\/types\/page"}],"author":[{"embeddable":true,"href":"https:\/\/keenat.de\/index.php?rest_route=\/wp\/v2\/users\/3"}],"replies":[{"embeddable":true,"href":"https:\/\/keenat.de\/index.php?rest_route=%2Fwp%2Fv2%2Fcomments&post=497"}],"version-history":[{"count":49,"href":"https:\/\/keenat.de\/index.php?rest_route=\/wp\/v2\/pages\/497\/revisions"}],"predecessor-version":[{"id":2160,"href":"https:\/\/keenat.de\/index.php?rest_route=\/wp\/v2\/pages\/497\/revisions\/2160"}],"wp:attachment":[{"href":"https:\/\/keenat.de\/index.php?rest_route=%2Fwp%2Fv2%2Fmedia&parent=497"}],"curies":[{"name":"wp","href":"https:\/\/api.w.org\/{rel}","templated":true}]}}