{"id":467,"date":"2022-11-13T23:27:49","date_gmt":"2022-11-13T22:27:49","guid":{"rendered":"https:\/\/keenat.de\/?page_id=467"},"modified":"2023-09-07T11:24:13","modified_gmt":"2023-09-07T09:24:13","slug":"recycling-und-energetische-verwertung","status":"publish","type":"page","link":"https:\/\/keenat.de\/?page_id=467","title":{"rendered":"Recycling und energetische Verwertung"},"content":{"rendered":"\n<div class=\"wp-block-columns are-vertically-aligned-center section-image-texte reverse-colonne is-layout-flex wp-container-core-columns-is-layout-9d6595d7 wp-block-columns-is-layout-flex\">\n<div class=\"wp-block-column is-vertically-aligned-center padding is-layout-flow wp-block-column-is-layout-flow\" style=\"flex-basis:50%\">\n<h1 class=\"wp-block-heading\">Recycling und energetische Verwertung<\/h1>\n\n\n\n<p>Wenn Abfall auf den Boden geworfen wird, landet er normalerweise in unseren Abwasserkan\u00e4len, dann in unseren Fl\u00fcssen und beendet seine Reise schlie\u00dflich in unseren Meeren und Ozeanen.<\/p>\n\n\n\n<p>Zigarettenstummel geh\u00f6ren zu den gef\u00e4hrlichsten Abf\u00e4llen f\u00fcr \u00d6kosysteme, da sie eine Vielzahl giftiger Stoffe enthalten. Auch Einwegmasken und Kaugummis haben eine schwerwiegende Folgen unsere Erde, da sie aus Kunststoffen hergestellt werden, die wiederum aus der \u00d6lindustrie stammen.<\/p>\n\n\n\n<p>An der Verwertung dieser Abf\u00e4lle zu arbeiten, ist also zentral f\u00fcr die Bewahrung unserer Umwelt!<\/p>\n\n\n\n<p>Bei Keenat erforschen wir zwei Verwertungsm\u00f6glichkeiten: Recycling und energetische Verwertung. Und das funktioniert folgenderma\u00dfen:<\/p>\n<\/div>\n\n\n\n<div class=\"wp-block-column is-vertically-aligned-center is-layout-flow wp-block-column-is-layout-flow\" style=\"flex-basis:50%\">\n<figure class=\"wp-block-image size-full\"><img fetchpriority=\"high\" decoding=\"async\" width=\"824\" height=\"750\" src=\"https:\/\/keenat.de\/wp-content\/uploads\/2023\/03\/recycling.jpg\" alt=\"recycling\" class=\"wp-image-1983\" srcset=\"https:\/\/keenat.de\/wp-content\/uploads\/2023\/03\/recycling.jpg 824w, https:\/\/keenat.de\/wp-content\/uploads\/2023\/03\/recycling-300x273.jpg 300w, https:\/\/keenat.de\/wp-content\/uploads\/2023\/03\/recycling-768x699.jpg 768w\" sizes=\"(max-width: 824px) 100vw, 824px\" \/><\/figure>\n<\/div>\n<\/div>\n\n\n\n<div class=\"wp-block-columns are-vertically-aligned-center section-image-texte is-layout-flex wp-container-core-columns-is-layout-9d6595d7 wp-block-columns-is-layout-flex\">\n<div class=\"wp-block-column is-vertically-aligned-center is-layout-flow wp-block-column-is-layout-flow\" style=\"flex-basis:50%\">\n<figure class=\"wp-block-image size-full\"><img decoding=\"async\" width=\"796\" height=\"582\" src=\"https:\/\/keenat.de\/wp-content\/uploads\/2022\/11\/visuel-recyclage-sans-eau.jpg\" alt=\"\" class=\"wp-image-478\" srcset=\"https:\/\/keenat.de\/wp-content\/uploads\/2022\/11\/visuel-recyclage-sans-eau.jpg 796w, https:\/\/keenat.de\/wp-content\/uploads\/2022\/11\/visuel-recyclage-sans-eau-300x219.jpg 300w, https:\/\/keenat.de\/wp-content\/uploads\/2022\/11\/visuel-recyclage-sans-eau-768x562.jpg 768w\" sizes=\"(max-width: 796px) 100vw, 796px\" \/><\/figure>\n<\/div>\n\n\n\n<div class=\"wp-block-column is-vertically-aligned-center padding is-layout-flow wp-block-column-is-layout-flow\" style=\"flex-basis:50%\">\n<p><strong>Recycling<br>ohne Wasser oder L\u00f6sungsmittel<\/strong><\/p>\n\n\n\n<p>Keenat hat in Zusammenarbeit mit franz\u00f6sischen Laboren einen umweltfreundlichen Recyclingweg geschaffen.<br>Dank dieser Forschung ist es m\u00f6glich, das Material aus Zigarettenstummeln und Masken wiederzuverwenden, ohne Wasser oder L\u00f6sungsmittel zu verwenden.<br>Diese patentierte Recyclingtechnik verhindert im Gegensatz zu anderen Techniken die Verschmutzung von B\u00f6den und Wasser &#8211; wertvolle Ressourcen, die es zu sch\u00fctzen gilt.<\/p>\n<\/div>\n<\/div>\n\n\n\n<div class=\"wp-block-columns are-vertically-aligned-center section-image-texte reverse-colonne is-layout-flex wp-container-core-columns-is-layout-9d6595d7 wp-block-columns-is-layout-flex\">\n<div class=\"wp-block-column is-vertically-aligned-center padding is-layout-flow wp-block-column-is-layout-flow\" style=\"flex-basis:50%\">\n<h2 class=\"wp-block-heading\"><strong>Recycelter Abfall<\/strong><\/h2>\n\n\n\n<p>Wir sind in der Lage, den Kunststoff aus Zigarettenstummelfiltern und Masken zu extrahieren, um einen neuen Gegenstand aus recycelbarem Kunststoff herzustellen.<br><br>Seit 2018 initiiert unsere Forschungs- und Entwicklungsabteilung fortgeschrittene Forschungen zu Zigarettenstummeln und Gesichtsmasken, um diese Recyclingwege zu entwickeln und voranzutreiben. Wir arbeiten daran, unsere Recyclingprozesse von Tag zu Tag zu verbessern und gleichzeitig unser Wissen \u00fcber diese Abf\u00e4lle zu erweitern, um Ihnen die Entwicklung maximal umweltfreundlicher Prozesse garantieren zu k\u00f6nnen.<\/p>\n<\/div>\n\n\n\n<div class=\"wp-block-column is-vertically-aligned-center is-layout-flow wp-block-column-is-layout-flow\" style=\"flex-basis:50%\">\n<figure class=\"wp-block-image size-large\"><img decoding=\"async\" width=\"1024\" height=\"768\" src=\"https:\/\/keenat.de\/wp-content\/uploads\/2022\/11\/plaques-megots-sans-impression-1024x768.jpg\" alt=\"plaques megots sans impression\" class=\"wp-image-1488\" srcset=\"https:\/\/keenat.de\/wp-content\/uploads\/2022\/11\/plaques-megots-sans-impression-1024x768.jpg 1024w, https:\/\/keenat.de\/wp-content\/uploads\/2022\/11\/plaques-megots-sans-impression-300x225.jpg 300w, https:\/\/keenat.de\/wp-content\/uploads\/2022\/11\/plaques-megots-sans-impression-768x576.jpg 768w, https:\/\/keenat.de\/wp-content\/uploads\/2022\/11\/plaques-megots-sans-impression-1536x1152.jpg 1536w, https:\/\/keenat.de\/wp-content\/uploads\/2022\/11\/plaques-megots-sans-impression.jpg 2016w\" sizes=\"(max-width: 1024px) 100vw, 1024px\" \/><\/figure>\n<\/div>\n<\/div>\n\n\n\n<div class=\"wp-block-columns are-vertically-aligned-center section-image-texte is-layout-flex wp-container-core-columns-is-layout-9d6595d7 wp-block-columns-is-layout-flex\">\n<div class=\"wp-block-column is-vertically-aligned-center is-layout-flow wp-block-column-is-layout-flow\" style=\"flex-basis:50%\">\n<figure class=\"wp-block-image size-large\"><img loading=\"lazy\" decoding=\"async\" width=\"1024\" height=\"675\" src=\"https:\/\/keenat.de\/wp-content\/uploads\/2023\/03\/schema-valorisation-creation-ciment-allemagne-site-kn_plan-de-travail-1-1024x675.png\" alt=\"schema valorisation creation ciment allemagne site kn plan de travail 1\" class=\"wp-image-1986\" srcset=\"https:\/\/keenat.de\/wp-content\/uploads\/2023\/03\/schema-valorisation-creation-ciment-allemagne-site-kn_plan-de-travail-1-1024x675.png 1024w, https:\/\/keenat.de\/wp-content\/uploads\/2023\/03\/schema-valorisation-creation-ciment-allemagne-site-kn_plan-de-travail-1-300x198.png 300w, https:\/\/keenat.de\/wp-content\/uploads\/2023\/03\/schema-valorisation-creation-ciment-allemagne-site-kn_plan-de-travail-1-768x506.png 768w, https:\/\/keenat.de\/wp-content\/uploads\/2023\/03\/schema-valorisation-creation-ciment-allemagne-site-kn_plan-de-travail-1-1536x1012.png 1536w, https:\/\/keenat.de\/wp-content\/uploads\/2023\/03\/schema-valorisation-creation-ciment-allemagne-site-kn_plan-de-travail-1-2048x1350.png 2048w\" sizes=\"(max-width: 1024px) 100vw, 1024px\" \/><\/figure>\n<\/div>\n\n\n\n<div class=\"wp-block-column is-vertically-aligned-center padding is-layout-flow wp-block-column-is-layout-flow\" style=\"flex-basis:50%\">\n<h2 class=\"wp-block-heading\"><strong>Energetische Verwertung<\/strong><\/h2>\n\n\n\n<p>In der Pyramide der umweltfreundlichsten L\u00f6sungen im Umgang mit Abf\u00e4llen ist das Recycling die empfehlenswerteste Option.<br>Das im Zigarettenstummel enthaltene Papier und der Tabak k\u00f6nnen jedoch nicht recycelt werden. Da es f\u00fcr diese Elemente keine wirksame Recyclingl\u00f6sung gibt, werden sie in Zementwerken als EBS (Ersatzbrennstoff) verbrannt.<br>Diese L\u00f6sung zerst\u00f6rt die Abf\u00e4lle ohne Asche oder R\u00fcckst\u00e4nde und ersetzt die bei Verbrennungsprozessen verwendeten fossilen Brennstoffe.<\/p>\n<\/div>\n<\/div>\n","protected":false},"excerpt":{"rendered":"<p>Recycling und energetische Verwertung Wenn Abfall auf den Boden geworfen wird, landet er normalerweise in unseren Abwasserkan\u00e4len, dann in unseren Fl\u00fcssen und beendet seine Reise schlie\u00dflich in unseren Meeren und Ozeanen. Zigarettenstummel geh\u00f6ren zu den gef\u00e4hrlichsten Abf\u00e4llen f\u00fcr \u00d6kosysteme, da sie eine Vielzahl giftiger Stoffe enthalten. Auch Einwegmasken und Kaugummis haben eine schwerwiegende Folgen unsere [&hellip;]<\/p>\n","protected":false},"author":3,"featured_media":0,"parent":0,"menu_order":0,"comment_status":"closed","ping_status":"closed","template":"","meta":{"_seopress_robots_primary_cat":"","inline_featured_image":false,"footnotes":""},"class_list":["post-467","page","type-page","status-publish"],"_links":{"self":[{"href":"https:\/\/keenat.de\/index.php?rest_route=\/wp\/v2\/pages\/467","targetHints":{"allow":["GET"]}}],"collection":[{"href":"https:\/\/keenat.de\/index.php?rest_route=\/wp\/v2\/pages"}],"about":[{"href":"https:\/\/keenat.de\/index.php?rest_route=\/wp\/v2\/types\/page"}],"author":[{"embeddable":true,"href":"https:\/\/keenat.de\/index.php?rest_route=\/wp\/v2\/users\/3"}],"replies":[{"embeddable":true,"href":"https:\/\/keenat.de\/index.php?rest_route=%2Fwp%2Fv2%2Fcomments&post=467"}],"version-history":[{"count":31,"href":"https:\/\/keenat.de\/index.php?rest_route=\/wp\/v2\/pages\/467\/revisions"}],"predecessor-version":[{"id":2226,"href":"https:\/\/keenat.de\/index.php?rest_route=\/wp\/v2\/pages\/467\/revisions\/2226"}],"wp:attachment":[{"href":"https:\/\/keenat.de\/index.php?rest_route=%2Fwp%2Fv2%2Fmedia&parent=467"}],"curies":[{"name":"wp","href":"https:\/\/api.w.org\/{rel}","templated":true}]}}